929 a prime number?
True
Is 93538211 a composite number?
True
Is 69737327 a prime number?
False
Is 3431557 a composite number?
True
Is 93895171 a composite number?
True
Is 5481461 prime?
True
Is 529301 a composite number?
False
Is 40269049 a prime number?
True
Is 32516719 a composite number?
True
Is 41335057 a composite number?
True
Is 23209031 a prime number?
True
Is 19303685 a prime number?
False
Is 830551483 prime?
True
Is 216074329 composite?
True
Is 586214237 prime?
False
Is 2011897 a composite number?
False
Is 1044437 a prime number?
True
Is 29621 a composite number?
True
Is 24551581 composite?
True
Is 56867689 a prime number?
True
Is 8347741 composite?
False
Is 113626883 a prime number?
True
Is 21688927 prime?
False
Is 520342 composite?
True
Is 220283 composite?
True
Is 5647546 prime?
False
Is 76926847 a prime number?
True
Is 253178011 composite?
False
Is 1776493 a prime number?
True
Is 2114687 prime?
False
Is 3825623 a prime number?
True
Is 2604263 composite?
False
Is 127614967 a composite number?
True
Is 26135 composite?
True
Is 46080469 a composite number?
True
Is 1095551 prime?
True
Is 8331431 a prime number?
True
Is 32011321 prime?
False
Is 50179391 prime?
True
Is 439290763 a composite number?
True
Is 637943 composite?
True
Is 10789661 a composite number?
False
Is 3170305 prime?
False
Is 5641931 composite?
False
Is 4603897 a composite number?
False
Is 9528223 composite?
False
Is 4632302 a composite number?
True
Is 510854731 a prime number?
True
Is 80337935 prime?
False
Is 4451767 a composite number?
False
Is 3584959 a composite number?
True
Is 36099005 prime?
False
Is 8841629 composite?
False
Is 280389685 composite?
True
Is 1968907 a prime number?
False
Is 1209209 prime?
True
Is 5678213 a composite number?
True
Is 15028019 composite?
True
Is 25571701 prime?
False
Is 29860759 a prime number?
True
Is 364603 a composite number?
True
Is 400927 a prime number?
True
Is 33157453 prime?
False
Is 3709973 a prime number?
False
Is 18893309 composite?
False
Is 118117 a composite number?
True
Is 58944731 prime?
True
Is 3619103 composite?
False
Is 21703769 composite?
False
Is 21664417 a composite number?
False
Is 16409831 a prime number?
True
Is 6181381 prime?
False
Is 2458817 a prime number?
True
Is 48277543 prime?
True
Is 33414041 composite?
True
Is 115405481 a prime number?
False
Is 98182261 prime?
False
Is 23706329 prime?
True
Is 1811279 a prime number?
False
Is 6890111 composite?
False
Is 7703555 composite?
True
Is 1116809 composite?
False
Is 9646367 prime?
True
Is 19067771 composite?
False
Is 11976787 a composite number?
False
Is 20996155 a composite number?
True
Is 21156307 prime?
True
Is 1155797 a prime number?
False
Is 143253919 prime?
True
Is 136944803 prime?
False
Is 409103711 a prime number?
True
Is 1927853 composite?
False
Is 297104583 prime?
False
Is 25760591 a prime number?
True
Is 2662883 composite?
False
Is 21166799 a prime number?
True
Is 103595251 a prime number?
True
Is 46439411 composite?
True
Is 196297747 a composite number?
True
Is 114607579 prime?
True
Is 415730387 a composite number?
True
Is 3746329 composite?
False
Is 51658553 a prime number?
False
Is 86653747 prime?
True
Is 8241601 a composite number?
False
Is 50809123 prime?
False
Is 29187839 prime?
True
Is 106572721 prime?
False
Is 2841923 a composite number?
True
Is 1495605999 a prime number?
False
Is 47214471 a prime number?
False
Is 6156281 prime?
True
Is 232333 composite?
False
Is 107661185 prime?
False
Is 152783243 a composite number?
True
Is 1478923 a prime number?
False
Is 7479001 prime?
True
Is 41826611 prime?
False
Is 580573 a composite number?
True
Is 457559 a composite number?
False
Is 692371 composite?
False
Is 59654081 composite?
True
Is 724393 a prime number?
True
Is 5431061 a composite number?
True
Is 13131595 prime?
False
Is 3997459 prime?
False
Is 28735493 composite?
False
Is 15828299 prime?
True
Is 752351 a prime number?
True
Is 7580303 a prime number?
True
Is 37109577 a prime number?
False
Is 15018023 composite?
False
Is 16570259 composite?
True
Is 1171673 a composite number?
True
Is 9285979 composite?
True
Is 211686301 a prime number?
False
Is 8383897 prime?
True
Is 909544199 a prime number?
True
Is 284886913 prime?
False
Is 96369341 composite?
True
Is 735907 prime?
False
Is 1745287 prime?
False
Is 28243119 composite?
True
Is 3595271 prime?
True
Is 2431127 composite?
False
Is 352111143 prime?
False
Is 3723841 a composite number?
True
Is 110267039 composite?
False
Is 15638937 prime?
False
Is 31465363 prime?
True
Is 2350507 a prime number?
True
Is 1077491 a prime number?
False
Is 1582949 prime?
True
Is 802481 prime?
False
Is 15826751 composite?
True
Is 118045351 composite?
False
Is 5131417 prime?
True
Is 60055763 a composite number?
False
Is 3187469 prime?
True
Is 34188254 prime?
False
Is 273692423 prime?
False
Is 33889127 composite?
True
Is 2496757 a composite number?
False
Is 229798549 composite?
False
Is 11099687 a prime number?
True
Is 553557637 composite?
False
Is 49910021 a prime number?
False
Is 30085771 prime?
False
Is 11835163 composite?
True
Is 39717607 a composite number?
False
Is 4534186 prime?
False
Is 13290373 composite?
False
Is 1196059 composite?
False
Is 83161423 a prime number?
False
Is 15279779 a composite number?
True
Is 4844923 prime?
False
Is 23478049 prime?
False
Is 112260689 a prime number?
True
Is 126397753 a composite number?
True
Is 9349567 a composite number?
True
Is 4245139 prime?
False
Is 1636591 composite?
True
Is 1293707 composite?
True
Is 7205213 a composite number?
False
Is 9729091 a composite number?
False
Is 11138191 composite?
False
Is 28875349 a prime number?
True
Is 26062637 composite?
False
Is 1445749 a prime number?
True
Is 538634 a prime number?
False
Is 336481679 a composite number?
False
Is 186451 a composite number?
False
Is 127670701 a prime number?
True
Is 16397389 composite?
False
Is 1031267 a prime number?
True
Is 1880159 composite?
False
Is 5855222 composite?
True
Is 10241587 prime?
False
Is 147267913 a composite number?
True
Is 8697433 a prime number?
True
Is 18466937 composite?
False
Is 8796961 composite?
False
Is 17702149 a prime number?
False
Is 19410779 a composite number?
False
Is 75137567 prime?
True
Is 24066683 a prime number?
True
Is 809087 a prime number?
True
Is 193087 a composite number?
True
Is 161499061 prime?
True
Is 4521967 a prime number?
False
Is 218012747 prime?
False
Is 2289919 composite?
False
Is 390863299 composite?
True
Is 8824027 prime?
True
Is 859423 composite?
False
Is 14093083 prime?
True
Is 6023153 a prime number?
True
Is 144671627 prime?
True
Is 121367 prime?
True
Is 49941883 a composite number?
False
Is 1763231 composite?
False
Is 49089265 a prime number?
False
Is 4576631 prime?
True
Is 2049821 a prime number?
True
Is 57298454 prime?
False
Is 7297249 prime?
False
Is 709643 prime?
False
Is 92722303 prime?
False
Is 385587869 prime?
True
Is 80642687 a composite number?
True
Is 1067271443 a composite number?
True
Is 1780979 a composite number?
True
Is 2140401 prime?
False
Is 34194029 composite?
True
Is 2030291 composite?
False
Is 3389989 a prime number?
True
Is 4035431 a prime number?
True
Is 819229 prime?
True
Is 24759011 prime?
False
Is 7347407 a prime number?
True
Is 3939123 a composite number?
True
Is 3057157 prime?
False
Is 348401719 a prime number?
False
Is 209916647 composite?
False
Is 1858223 a composite number?
True
Is 22872103 a prime number?
True
Is 35611757 composite?
True
Is 18358369 composite?
False
Is 232061 composite?
True
Is 254501774 composite?
True
Is 24093439 composite?
True
Is 11118017 prime?
False
Is 27702371 composite?
False
Is 108486881 a composite number?
False
Is 1061465 composite?
True
Is 888959 prime?
True
Is 417947263 a prime number?
True
Is 6460481 a prime number?
True
Is 21549277 composite?
True
Is 2066531 composite?
True
Is 11544437 a composite number?
False
Is 21349649 prime?
False
Is 81326059 a prime number?
True
Is 12829 prime?
True
Is 29177809 a prime number?
True
Is 13365479 a prime number?
True
Is 28237817 prime?
False
Is 23493203 a prime number?
True
Is 49902241 a prime number?
True
Is 20131909 prime?
False
Is 118659797 composite?
True
Is 908177 composite?
True
Is 82696589 composite?
True
Is 12708373 composite?
False
Is 725687 a co